{"id":29405,"date":"2021-04-28T13:23:52","date_gmt":"2021-04-28T11:23:52","guid":{"rendered":"https:\/\/www.agencekatz.com\/agence-immobiliere\/?page_id=29405"},"modified":"2021-04-29T10:12:03","modified_gmt":"2021-04-29T08:12:03","slug":"appartement-marnes-la-coquette","status":"publish","type":"page","link":"https:\/\/www.agencekatz.com\/agence-immobiliere\/marnes-la-coquette-92430\/appartement-marnes-la-coquette\/","title":{"rendered":"Appartement Marnes-la-Coquette : achat, vente et location"},"content":{"rendered":"<div class=\"block-katz paragraph\">\n<p><strong>Marnes-la-Coquette (92430)<\/strong> est une petite commune d\u2019une superficie de quelques kilom\u00e8tres carr\u00e9s, \u00e0 proximit\u00e9 de Paris, dans le d\u00e9partement des Hauts-de-Seine. Cette ville offre un cadre de vie ais\u00e9 et agr\u00e9able, avec ses espaces verts et son atmosph\u00e8re de petit bourg tranquille. Cela en fait un lieu tr\u00e8s pl\u00e9biscit\u00e9 par les cadres. Si vous \u00eates \u00e0 la recherche d\u2019un <strong>appartement \u00e0 vendre ou \u00e0 louer \u00e0 Marnes-la-Coquette<\/strong>, pensez \u00e0 Katz Immobilier pour vous faciliter la t\u00e2che.<\/p>\n<\/div>\n\n<\/div>\n<div class=\"block-katz titre3photos\">\n\t<div class=\"container\">\n\t\t<div class=\"row\">\n\t\t\t\t\t\t\t<div class=\"col-12 text-center\">\n\t\t\t\t\t<h2>Un appartement \u00e0 Marnes la Coquette 92430 ?<\/h2>\n\t\t\t\t<\/div>\n\t\t\t\t\t\t\t\t<div class=\"col-md-4 col-12\">\n\t\t\t\t\t<img src=\"https:\/\/www.agencekatz.com\/agence-immobiliere\/wp-content\/uploads\/2021\/02\/appartement-neuf-400x400.png\" alt=\"Appartement neuf\" \/>\n\t\t\t\t<\/div>\n\t\t\t\t\t\t\t\t<div class=\"col-md-4 col-12\">\n\t\t\t\t\t<img src=\"https:\/\/www.agencekatz.com\/agence-immobiliere\/wp-content\/uploads\/2021\/02\/defautkatz-400x400.png\" alt=\"Katz Immobilier\" \/>\n\t\t\t\t<\/div>\n\t\t\t\t\t\t\t\t<div class=\"col-md-4 col-12\">\n\t\t\t\t\t<img src=\"https:\/\/www.agencekatz.com\/agence-immobiliere\/wp-content\/uploads\/2021\/02\/programme-neuf-400x400.jpg\" alt=\"Programme immobilier neuf\" \/>\n\t\t\t\t<\/div>\n\t\t\t\t\t\t\t\t<div class=\"col-12 text-center\">\n\t\t\t\t\t<a href=\"https:\/\/www.agencekatz.com\/contact\" class=\"link link-gold\" title=\"Contactez-nous\" target=\"_self\">Contactez-nous<\/a>\n\t\t\t\t<\/div>\n\t\t\t\t\t\t<\/div>\n\t<\/div>\n<\/div>\n<div class=\"container\">\n\n<div class=\"block-katz heading\">\n<h2>Comment sont les appartements \u00e0 Marnes-la-Coquette ?<\/h2>\n<\/div>\n\n<div class=\"block-katz paragraph\">\n<p>Notez que Marnes-la-Coquette compte parmi les villes les plus hupp\u00e9es de l\u2019Ouest parisien. Elle compte \u00e0 peu pr\u00e8s 700 logements neufs et anciens de prestige, dont 36 % sont des appartements.<\/p>\n<\/div>\n\n<div class=\"block-katz paragraph\">\n<p>Les <strong>appartements \u00e0 Marnes-la-Coquette 92430<\/strong> se situent principalement dans des r\u00e9sidences de standing \u00e0 proximit\u00e9 de parcs et de for\u00eats. De quoi profiter d\u2019air frais et pur ! Par ailleurs, ce sont des logements poss\u00e9dant de grandes surfaces : ils comportent g\u00e9n\u00e9ralement <strong>2 ou 3 pi\u00e8ces<\/strong>, propices aux petites familles ais\u00e9es. En outre, les appartements marnois sont lumineux, luxueux et avec un confort optimum.<\/p>\n<\/div>\n\n<div class=\"block-katz heading\">\n<h3>Katz Immobilier : le partenaire pour l\u2019achat, la vente ou la location d\u2019un appartement \u00e0 Marnes-la-Coquette<\/h3>\n<\/div>\n\n<div class=\"block-katz paragraph\">\n<p>Vous envisagez de <strong>vendre ou de louer votre appartement \u00e0 Marnes-la-Coquette<\/strong> ? Les services de <strong>Katz Immobilier<\/strong> vous permettront de pr\u00e9senter les atouts de votre bien aux demandeurs et de conclure une bonne affaire.<\/p>\n<\/div>\n\n<div class=\"block-katz paragraph\">\n<p>Nous sommes aussi en mesure de vous aider si, au contraire, vous souhaitez proc\u00e9der \u00e0 l\u2019<strong>achat d\u2019un appartement neuf \u00e0 Marnes-la-Coquette<\/strong>. 2 pi\u00e8ces ou 3 pi\u00e8ces ? Au rez-de-chauss\u00e9e ou \u00e0 l\u2019\u00e9tage ? Il vous suffit de nous confier le descriptif de l\u2019appartement de vos r\u00eaves et nous nous chargeons du reste. De la recherche de l\u2019appartement \u00e0 la signature de l\u2019acquisition du bien, faites confiance \u00e0 notre \u00e9quipe d\u2019agents immobiliers chevronn\u00e9s \u00e0 Garches. Contactez-nous pour parler ensemble de votre projet.<\/p>\n<\/div>\n\n<\/div>\n<div class=\"block-katz moteurrecherche\">\n\t<div id=\"buy-location\">\n\t\t<section class=\"filter-search mt-md\">\n\t\t\t<form name=\"katz_search\" method=\"get\" id=\"search-form\" action=\"https:\/\/www.agencekatz.com\/acheter-appartement-maison#search-form\">\n\t\t\t\t<div class=\"container\">\n\t\t\t\t\t<p class=\"font-lato-bold font-size-26 color-blue text-uppercase text-center letter-spacing-400\">\n\t\t\t\t\t\tVous cherchez un appartement sur Marnes la Coquette (location\/vente) ?\t\t\t\t\t<\/p>\n\t\t\t\t\t<div class=\"row\">\n\t\t\t\t\t\t<div class=\"col-lg-10 offset-lg-1\">\n\t\t\t\t\t\t\t<div class=\"container-fluid selector-container mt-md mb-sm\">\n\t\t\t\t\t\t\t\t<div class=\"row no-gutters\">\n\t\t\t\t\t\t\t\t\t<div class=\"col-lg-6\">\n\t\t\t\t\t\t\t\t\t\t<div class=\"switch d-flex \">\n\t\t\t\t\t\t\t\t\t\t\t<a href=\"https:\/\/www.agencekatz.com\/acheter-appartement-maison\" class=\"link-elmt active\" target=\"_self\">\n\t\t\t\t\t\t\t\t\t\t\t\tAchat\n\t\t\t\t\t\t\t\t\t\t\t<\/a>\n\t\t\t\t\t\t\t\t\t\t\t<a href=\"https:\/\/www.agencekatz.com\/location-appartement-maison\" class=\"link-elmt \" target=\"_self\">\n\t\t\t\t\t\t\t\t\t\t\t\tLouer\n\t\t\t\t\t\t\t\t\t\t\t<\/a>\n\t\t\t\t\t\t\t\t\t\t<\/div>\n\t\t\t\t\t\t\t\t\t<\/div>\n\t\t\t\t\t\t\t\t\t<div class=\"col-lg-6 input-search\">\n\t\t\t\t\t\t\t\t\t\t<select id=\"katz_search_place\" name=\"katz_search[place]\" class=\"select-two\" placeholder=\"Ville, Code postal...\">\n\t\t\t\t\t\t\t\t\t\t\t<option value=\"\"><\/option>\n\t\t\t\t\t\t\t\t\t\t\t<option value=\"Beynes\" selected=\"selected\">Beynes &#8211; 78650<\/option>\n\t\t\t\t\t\t\t\t\t\t\t<option value=\"Bougival\">Bougival &#8211; 78380<\/option>\n\t\t\t\t\t\t\t\t\t\t\t<option value=\"Garches\">Garches &#8211; 92380<\/option>\n\t\t\t\t\t\t\t\t\t\t\t<option value=\"Goupilli\u00e8res\">Goupilli\u00e8res &#8211; 78770<\/option>\n\t\t\t\t\t\t\t\t\t\t\t<option value=\"Issy-les-Moulineaux\">Issy-les-Moulineaux &#8211; 92130<\/option>\n\t\t\t\t\t\t\t\t\t\t\t<option value=\"La Celle-Saint-Cloud\">La Celle-Saint-Cloud &#8211; 78170<\/option>\n\t\t\t\t\t\t\t\t\t\t\t<option value=\"Marnes-la-Coquette\">Marnes-la-Coquette &#8211; 92430<\/option>\n\t\t\t\t\t\t\t\t\t\t\t<option value=\"Montrouge\">Montrouge &#8211; 92120<\/option>\n\t\t\t\t\t\t\t\t\t\t\t<option value=\"Paris\">Paris &#8211; 75018<\/option>\n\t\t\t\t\t\t\t\t\t\t\t<option value=\"Paris 18\">Paris 18 &#8211; 75018<\/option>\n\t\t\t\t\t\t\t\t\t\t\t<option value=\"Vaucresson\">Vaucresson &#8211; 92420<\/option>\n\t\t\t\t\t\t\t\t\t\t\t<option value=\"Ville-d&#039;Avray\">Ville-d&#039;Avray &#8211; 92410<\/option>\n\t\t\t\t\t\t\t\t\t\t<\/select>\n\t\t\t\t\t\t\t\t\t<\/div>\n\t\t\t\t\t\t\t\t<\/div>\n\t\t\t\t\t\t\t<\/div>\n\t\t\t\t\t\t<\/div>\n\t\t\t\t\t<\/div>\n\t\t\t\t<\/div>\n\t\t\t\t<div class=\"container-fluid py-sm bg-blue color-white text-center\">\n\t\t\t\t\t<div class=\"container\">\n\t\t\t\t\t\t<div class=\"col-md-10 offset-md-1 col-12\">\n\t\t\t\t\t\t\t<div class=\"filter d-flex justify-content-between\">\n\t\t\t\t\t\t\t\t<select id=\"katz_search_typeOffre\" name=\"katz_search[typeOffre]\">\n\t\t\t\t\t\t\t\t\t<option value=\"\">Type de bien<\/option>\n\t\t\t\t\t\t\t\t\t<option value=\"1\">Appartement<\/option>\n\t\t\t\t\t\t\t\t\t<option value=\"2\">Maison<\/option>\n\t\t\t\t\t\t\t\t\t<option value=\"5\">Local<\/option>\n\t\t\t\t\t\t\t\t\t<option value=\"7\">Parking<\/option>\n\t\t\t\t\t\t\t\t\t<option value=\"3\">Terrain<\/option>\n\t\t\t\t\t\t\t\t\t<option value=\"4\">Immeuble<\/option>\n\t\t\t\t\t\t\t\t<\/select>\n\t\t\t\t\t\t\t\t<select id=\"katz_search_nbPieces\" name=\"katz_search[nbPieces]\">\n\t\t\t\t\t\t\t\t\t<option value=\"\">Pi\u00e8ces<\/option>\n\t\t\t\t\t\t\t\t\t<option value=\"1\">1<\/option>\n\t\t\t\t\t\t\t\t\t<option value=\"2\">2<\/option>\n\t\t\t\t\t\t\t\t\t<option value=\"3\">3<\/option>\n\t\t\t\t\t\t\t\t\t<option value=\"4\">4<\/option>\n\t\t\t\t\t\t\t\t\t<option value=\"5\">5 et +<\/option>\n\t\t\t\t\t\t\t\t<\/select>\n\t\t\t\t\t\t\t\t<div class=\"filter-item\">\n\t\t\t\t\t\t\t\t\t<span>Surface:<\/span>\n\t\t\t\t\t\t\t\t\t<input type=\"number\" id=\"katz_search_surfHabMin\" name=\"katz_search[surfHabMin]\" placeholder=\"min\" min=\"0\" value=\"\" \/>\n\t\t\t\t\t\t\t\t\t<input type=\"number\" id=\"katz_search_surfHabMax\" name=\"katz_search[surfHabMax]\" placeholder=\"max\" min=\"0\" value=\"\" \/>\n\t\t\t\t\t\t\t\t<\/div>\n\t\t\t\t\t\t\t\t<div class=\"filter-item\">\n\t\t\t\t\t\t\t\t\t<span>Prix:<\/span>\n\t\t\t\t\t\t\t\t\t<input type=\"number\" id=\"katz_search_prixMin\" name=\"katz_search[prixMin]\" placeholder=\"min\" min=\"0\" value=\"\" \/>\n\t\t\t\t\t\t\t\t\t<input type=\"number\" id=\"katz_search_prixMax\" name=\"katz_search[prixMax]\" placeholder=\"max\" min=\"0\" value=\"\" \/>\n\t\t\t\t\t\t\t\t<\/div>\n\t\t\t\t\t\t\t<\/div>\n\t\t\t\t\t\t<\/div>\n\t\t\t\t\t<\/div>\n\t\t\t\t<\/div>\n\t\t\t\t<div class=\"container\">\n\t\t\t\t\t<div class=\"row\">\n\t\t\t\t\t\t<div class=\"col-lg-10 offset-lg-1 text-right\">\n\t\t\t\t\t\t\t<div class=\"link-elmt submit mt-sm\" id=\"submit-button-search-form\">Rechercher<\/div>\n\t\t\t\t\t\t<\/div>\n\t\t\t\t\t<\/div>\n\t\t\t\t<\/div>\n\t\t\t<\/form>\n\t\t<\/section>\n\t<\/div>\n<\/div>\n<div class=\"container\">\n\n<div class=\"block-katz heading\">\n<h2>Achat d\u2019appartement \u00e0 Marnes la Coquette&nbsp;: l\u2019importance de faire appel \u00e0 une agence immobili\u00e8re<\/h2>\n<\/div>\n\n<div class=\"block-katz paragraph\">\n<p>Marnes la Coquette compte pr\u00e8s de 700 habitations. 31 % de ces logements sont des appartements dont certains sont mis en vente. Passer par une <strong>agence immobili\u00e8re<\/strong> locale est donc incontournable pour d\u00e9nicher l\u2019appartement qui r\u00e9pond \u00e0 vos crit\u00e8res. En effet, ce professionnel immobilier dispose d\u2019un catalogue de biens susceptibles de vous int\u00e9resser.<\/p>\n<\/div>\n\n<div class=\"block-katz paragraph\">\n<p>En plus de faciliter vos recherches, l\u2019agence immobili\u00e8re s\u2019occupe des aspects administratifs et juridiques pour que l\u2019acquisition se fasse dans les r\u00e8gles de l\u2019art. Elle vous soulage des d\u00e9marches \u00ab\u00a0<strong>achat appartement Marnes la Coquette<\/strong>\u00ab\u00a0. Vous avez alors tout int\u00e9r\u00eat de vous faire accompagner par un sp\u00e9cialiste en transaction immobili\u00e8re. Si vous \u00eates donc \u00e0 la recherche d\u2019un appartement \u00e0 acheter \u00e0 Marnes la Coquette, faites appel \u00e0 Katz immobilier.<\/p>\n<\/div>\n\n<div class=\"block-katz liens\">\n\t<div class=\"row\">\n\t\t<div class=\"col-12\">\n\t\t\t\t\t\t\t<p class=\"titre\">Nos solutions immobili\u00e8res sur Marnes-la-Coquette (92430)<\/p>\n\t\t\t\t\t\t\t\t<div class=\"bloc-liens\">\n\t\t\t\t\t\t\t\t\t\t\t<div class=\"lien\">\n\t\t\t\t\t\t\t<a href=\"https:\/\/www.agencekatz.com\/agence-immobiliere\/marnes-la-coquette-92430\/\" title=\"Agence immobili\u00e8re Marnes-la-Coquette\" target=\"_self\">\n\t\t\t\t\t\t\t\tAgence immobili\u00e8re Marnes-la-Coquette\t\t\t\t\t\t\t<\/a>\n\t\t\t\t\t\t<\/div>\n\t\t\t\t\t\t\t\t\t\t\t\t<div class=\"lien\">\n\t\t\t\t\t\t\t<a href=\"https:\/\/www.agencekatz.com\/agence-immobiliere\/garches-92380\/appartement-garches\/\" title=\"Maison Marnes-la-Coquette\" target=\"_self\">\n\t\t\t\t\t\t\t\tMaison Marnes-la-Coquette\t\t\t\t\t\t\t<\/a>\n\t\t\t\t\t\t<\/div>\n\t\t\t\t\t\t\t\t\t\t\t\t<div class=\"lien\">\n\t\t\t\t\t\t\t<a href=\"https:\/\/www.agencekatz.com\/agence-immobiliere\/garches-92380\/location-appartement-garches\/\" title=\"Immobilier Marnes-la-Coquette\" target=\"_self\">\n\t\t\t\t\t\t\t\tImmobilier Marnes-la-Coquette\t\t\t\t\t\t\t<\/a>\n\t\t\t\t\t\t<\/div>\n\t\t\t\t\t\t\t\t\t\t<\/div>\n\t\t\t\t\t\t<\/div>\n\t<\/div>\n<\/div>\n\n<div class=\"block-katz heading\">\n<h3>Katz immobilier, votre professionnel en transaction immobili\u00e8re<\/h3>\n<\/div>\n\n<div class=\"block-katz paragraph\">\n<p>Katz immobilier est disponible pour vous guider dans votre projet immobilier. Forte de 50 ans d\u2019exp\u00e9rience dans le secteur, notre agence immobili\u00e8re situ\u00e9e \u00e0 Garches est une v\u00e9ritable r\u00e9f\u00e9rence dans l\u2019Ouest parisien. Vous pouvez compter sur notre expertise pour acheter un appartement \u00e0 Marnes-la-Coquette. <strong>Service sur-mesure et de qualit\u00e9 garanti<\/strong> ! Ainsi, quels que soient vos budgets et vos attentes, notre \u00e9quipe professionnelle et aguerrie vous accompagne tout au long du processus d\u2019achat d\u2019appartement sur le 92430.<\/p>\n<\/div>","protected":false},"excerpt":{"rendered":"<p>Marnes-la-Coquette (92430) est une petite commune d\u2019une superficie de quelques kilom\u00e8tres carr\u00e9s, \u00e0 proximit\u00e9 de Paris, dans le d\u00e9partement des Hauts-de-Seine. Cette ville offre un cadre de vie ais\u00e9 et agr\u00e9able, avec ses espaces verts et son atmosph\u00e8re de petit bourg tranquille. Cela en fait un lieu tr\u00e8s pl\u00e9biscit\u00e9 par les cadres. Si vous \u00eates [&hellip;]<\/p>\n","protected":false},"author":2,"featured_media":0,"parent":29399,"menu_order":0,"comment_status":"closed","ping_status":"closed","template":"","meta":[],"acf":[],"_links":{"self":[{"href":"https:\/\/www.agencekatz.com\/agence-immobiliere\/wp-json\/wp\/v2\/pages\/29405"}],"collection":[{"href":"https:\/\/www.agencekatz.com\/agence-immobiliere\/wp-json\/wp\/v2\/pages"}],"about":[{"href":"https:\/\/www.agencekatz.com\/agence-immobiliere\/wp-json\/wp\/v2\/types\/page"}],"author":[{"embeddable":true,"href":"https:\/\/www.agencekatz.com\/agence-immobiliere\/wp-json\/wp\/v2\/users\/2"}],"replies":[{"embeddable":true,"href":"https:\/\/www.agencekatz.com\/agence-immobiliere\/wp-json\/wp\/v2\/comments?post=29405"}],"version-history":[{"count":4,"href":"https:\/\/www.agencekatz.com\/agence-immobiliere\/wp-json\/wp\/v2\/pages\/29405\/revisions"}],"predecessor-version":[{"id":29419,"href":"https:\/\/www.agencekatz.com\/agence-immobiliere\/wp-json\/wp\/v2\/pages\/29405\/revisions\/29419"}],"up":[{"embeddable":true,"href":"https:\/\/www.agencekatz.com\/agence-immobiliere\/wp-json\/wp\/v2\/pages\/29399"}],"wp:attachment":[{"href":"https:\/\/www.agencekatz.com\/agence-immobiliere\/wp-json\/wp\/v2\/media?parent=29405"}],"curies":[{"name":"wp","href":"https:\/\/api.w.org\/{rel}","templated":true}]}}