{"id":29402,"date":"2021-04-26T13:27:51","date_gmt":"2021-04-26T11:27:51","guid":{"rendered":"https:\/\/www.agencekatz.com\/agence-immobiliere\/?page_id=29402"},"modified":"2021-04-29T10:12:25","modified_gmt":"2021-04-29T08:12:25","slug":"maison-marnes-la-coquette","status":"publish","type":"page","link":"https:\/\/www.agencekatz.com\/agence-immobiliere\/marnes-la-coquette-92430\/maison-marnes-la-coquette\/","title":{"rendered":"Maison Marnes la Coquette : louer, acheter ou vendre avec KATZ"},"content":{"rendered":"<div class=\"block-katz paragraph\">\n<p>Marnes la Coquette porte bien son nom, car elle a tout pour plaire. Une ambiance campagnarde, le calme, la propret\u00e9, des espaces bois\u00e9s, l\u2019air pur et une certaine proximit\u00e9 avec la ville de Paris. Il est tout \u00e0 fait compr\u00e9hensible que des familles et de jeunes couples souhaitent s\u2019y installer. Vous aussi, vous cherchez une<strong> maison \u00e0 vendre \u00e0 Marnes la Coquette<\/strong> ou vous avez pour projet de vendre la v\u00f4tre, de trouver une location de maison sur le 92430 ? Dans tous les cas, l\u2019agence Katz Immobilier est pus qu\u2019en mesure de vous fournir l\u2019accompagnement dont vous avez besoin.<\/p>\n<\/div>\n\n<\/div>\n<div class=\"block-katz titre3photos\">\n\t<div class=\"container\">\n\t\t<div class=\"row\">\n\t\t\t\t\t\t\t<div class=\"col-12 text-center\">\n\t\t\t\t\t<h2>Vendre, acheter ou louer une maison \u00e0 Marnes la Coquettes 92430<\/h2>\n\t\t\t\t<\/div>\n\t\t\t\t\t\t\t\t<div class=\"col-md-4 col-12\">\n\t\t\t\t\t<img src=\"https:\/\/www.agencekatz.com\/agence-immobiliere\/wp-content\/uploads\/2021\/02\/appartement-neuf-400x400.png\" alt=\"Appartement neuf\" \/>\n\t\t\t\t<\/div>\n\t\t\t\t\t\t\t\t<div class=\"col-md-4 col-12\">\n\t\t\t\t\t<img src=\"https:\/\/www.agencekatz.com\/agence-immobiliere\/wp-content\/uploads\/2021\/02\/defautkatz-400x400.png\" alt=\"Katz Immobilier\" \/>\n\t\t\t\t<\/div>\n\t\t\t\t\t\t\t\t<div class=\"col-md-4 col-12\">\n\t\t\t\t\t<img src=\"https:\/\/www.agencekatz.com\/agence-immobiliere\/wp-content\/uploads\/2021\/02\/programme-neuf-400x400.jpg\" alt=\"Programme immobilier neuf\" \/>\n\t\t\t\t<\/div>\n\t\t\t\t\t\t\t\t<div class=\"col-12 text-center\">\n\t\t\t\t\t<a href=\"https:\/\/www.agencekatz.com\/contact\" class=\"link link-gold\" title=\"Contactez-nous\" target=\"_self\">Contactez-nous<\/a>\n\t\t\t\t<\/div>\n\t\t\t\t\t\t<\/div>\n\t<\/div>\n<\/div>\n<div class=\"container\">\n\n<div class=\"block-katz heading\">\n<h2>Maison \u00e0 Marnes la Coquette : les autres raisons pour<\/h2>\n<\/div>\n\n<div class=\"block-katz paragraph\">\n<p>Les amateurs de balades trouvent facilement leur bonheur \u00e0 Marnes-la-Coquette. En effet, les familles et les amoureux peuvent se promener dans les nombreux parcs et jardins. Vous pouvez \u00e9galement faire de l\u2019\u00e9quitation. Il faut savoir que Marnes-la-Coquette abrite le plus grand centre \u00e9questre de France qui est le <strong>haras de Jardy<\/strong>.<\/p>\n<\/div>\n\n<div class=\"block-katz paragraph\">\n<p>La commune fran\u00e7aise la moins peupl\u00e9e du d\u00e9partement des Hauts-de-Seine ne manque pas d\u2019activit\u00e9s en tout genre. Ateliers d\u2019arts plastiques, \u00e9cole de musique et de chant, football, tennis, visite de monuments r\u00e9pertori\u00e9s, etc.<\/p>\n<\/div>\n\n<div class=\"block-katz paragraph\">\n<p>Aussi \u00e0 proximit\u00e9 de la ville se trouvent entre les <strong>maisons cossues<\/strong> des centres commerciaux, des supermarch\u00e9s, des \u00e9coles&#8230;&nbsp;Enfin, avec la petite superficie de 3,48 km\u00b2, il est plut\u00f4t facile de faire de nouvelles rencontres.<\/p>\n<\/div>\n\n<div class=\"block-katz heading\">\n<h2>Location maison \u00e0 Marnes la Coquette&nbsp;: faites confiance \u00e0 Katz immobilier<\/h2>\n<\/div>\n\n<div class=\"block-katz paragraph\">\n<p>Que ce soit pour une <strong>mise en location de maison Marnes la Coquette<\/strong> ou pour la recherche d\u2019une r\u00e9sidence \u00e0 louer, profitez de l\u2019expertise de Katz immobilier. Depuis 50 ans, notre agence se sp\u00e9cialise dans la transaction immobili\u00e8re dans l\u2019Ouest parisien. De ce fait, nous sommes en mesure de vous accompagner tout au long de votre recherche de maison \u00e0 louer \u00e0 Marnes la Coquette 92430. Du choix d\u2019un logement aux proc\u00e9dures administratives. N&rsquo;h\u00e9sitez pas \u00e0 nous contacter !<\/p>\n<\/div>\n\n<\/div>\n<div class=\"block-katz moteurrecherche\">\n\t<div id=\"buy-location\">\n\t\t<section class=\"filter-search mt-md\">\n\t\t\t<form name=\"katz_search\" method=\"get\" id=\"search-form\" action=\"https:\/\/www.agencekatz.com\/acheter-appartement-maison#search-form\">\n\t\t\t\t<div class=\"container\">\n\t\t\t\t\t<p class=\"font-lato-bold font-size-26 color-blue text-uppercase text-center letter-spacing-400\">\n\t\t\t\t\t\tTrouver une maison \u00e0 vendre \u00e0 Marnes la Coquette ou location\t\t\t\t\t<\/p>\n\t\t\t\t\t<div class=\"row\">\n\t\t\t\t\t\t<div class=\"col-lg-10 offset-lg-1\">\n\t\t\t\t\t\t\t<div class=\"container-fluid selector-container mt-md mb-sm\">\n\t\t\t\t\t\t\t\t<div class=\"row no-gutters\">\n\t\t\t\t\t\t\t\t\t<div class=\"col-lg-6\">\n\t\t\t\t\t\t\t\t\t\t<div class=\"switch d-flex \">\n\t\t\t\t\t\t\t\t\t\t\t<a href=\"https:\/\/www.agencekatz.com\/acheter-appartement-maison\" class=\"link-elmt active\" target=\"_self\">\n\t\t\t\t\t\t\t\t\t\t\t\tAchat\n\t\t\t\t\t\t\t\t\t\t\t<\/a>\n\t\t\t\t\t\t\t\t\t\t\t<a href=\"https:\/\/www.agencekatz.com\/location-appartement-maison\" class=\"link-elmt \" target=\"_self\">\n\t\t\t\t\t\t\t\t\t\t\t\tLouer\n\t\t\t\t\t\t\t\t\t\t\t<\/a>\n\t\t\t\t\t\t\t\t\t\t<\/div>\n\t\t\t\t\t\t\t\t\t<\/div>\n\t\t\t\t\t\t\t\t\t<div class=\"col-lg-6 input-search\">\n\t\t\t\t\t\t\t\t\t\t<select id=\"katz_search_place\" name=\"katz_search[place]\" class=\"select-two\" placeholder=\"Ville, Code postal...\">\n\t\t\t\t\t\t\t\t\t\t\t<option value=\"\"><\/option>\n\t\t\t\t\t\t\t\t\t\t\t<option value=\"Beynes\" selected=\"selected\">Beynes &#8211; 78650<\/option>\n\t\t\t\t\t\t\t\t\t\t\t<option value=\"Bougival\">Bougival &#8211; 78380<\/option>\n\t\t\t\t\t\t\t\t\t\t\t<option value=\"Garches\">Garches &#8211; 92380<\/option>\n\t\t\t\t\t\t\t\t\t\t\t<option value=\"Goupilli\u00e8res\">Goupilli\u00e8res &#8211; 78770<\/option>\n\t\t\t\t\t\t\t\t\t\t\t<option value=\"Issy-les-Moulineaux\">Issy-les-Moulineaux &#8211; 92130<\/option>\n\t\t\t\t\t\t\t\t\t\t\t<option value=\"La Celle-Saint-Cloud\">La Celle-Saint-Cloud &#8211; 78170<\/option>\n\t\t\t\t\t\t\t\t\t\t\t<option value=\"Marnes-la-Coquette\">Marnes-la-Coquette &#8211; 92430<\/option>\n\t\t\t\t\t\t\t\t\t\t\t<option value=\"Montrouge\">Montrouge &#8211; 92120<\/option>\n\t\t\t\t\t\t\t\t\t\t\t<option value=\"Paris\">Paris &#8211; 75018<\/option>\n\t\t\t\t\t\t\t\t\t\t\t<option value=\"Paris 18\">Paris 18 &#8211; 75018<\/option>\n\t\t\t\t\t\t\t\t\t\t\t<option value=\"Vaucresson\">Vaucresson &#8211; 92420<\/option>\n\t\t\t\t\t\t\t\t\t\t\t<option value=\"Ville-d&#039;Avray\">Ville-d&#039;Avray &#8211; 92410<\/option>\n\t\t\t\t\t\t\t\t\t\t<\/select>\n\t\t\t\t\t\t\t\t\t<\/div>\n\t\t\t\t\t\t\t\t<\/div>\n\t\t\t\t\t\t\t<\/div>\n\t\t\t\t\t\t<\/div>\n\t\t\t\t\t<\/div>\n\t\t\t\t<\/div>\n\t\t\t\t<div class=\"container-fluid py-sm bg-blue color-white text-center\">\n\t\t\t\t\t<div class=\"container\">\n\t\t\t\t\t\t<div class=\"col-md-10 offset-md-1 col-12\">\n\t\t\t\t\t\t\t<div class=\"filter d-flex justify-content-between\">\n\t\t\t\t\t\t\t\t<select id=\"katz_search_typeOffre\" name=\"katz_search[typeOffre]\">\n\t\t\t\t\t\t\t\t\t<option value=\"\">Type de bien<\/option>\n\t\t\t\t\t\t\t\t\t<option value=\"1\">Appartement<\/option>\n\t\t\t\t\t\t\t\t\t<option value=\"2\">Maison<\/option>\n\t\t\t\t\t\t\t\t\t<option value=\"5\">Local<\/option>\n\t\t\t\t\t\t\t\t\t<option value=\"7\">Parking<\/option>\n\t\t\t\t\t\t\t\t\t<option value=\"3\">Terrain<\/option>\n\t\t\t\t\t\t\t\t\t<option value=\"4\">Immeuble<\/option>\n\t\t\t\t\t\t\t\t<\/select>\n\t\t\t\t\t\t\t\t<select id=\"katz_search_nbPieces\" name=\"katz_search[nbPieces]\">\n\t\t\t\t\t\t\t\t\t<option value=\"\">Pi\u00e8ces<\/option>\n\t\t\t\t\t\t\t\t\t<option value=\"1\">1<\/option>\n\t\t\t\t\t\t\t\t\t<option value=\"2\">2<\/option>\n\t\t\t\t\t\t\t\t\t<option value=\"3\">3<\/option>\n\t\t\t\t\t\t\t\t\t<option value=\"4\">4<\/option>\n\t\t\t\t\t\t\t\t\t<option value=\"5\">5 et +<\/option>\n\t\t\t\t\t\t\t\t<\/select>\n\t\t\t\t\t\t\t\t<div class=\"filter-item\">\n\t\t\t\t\t\t\t\t\t<span>Surface:<\/span>\n\t\t\t\t\t\t\t\t\t<input type=\"number\" id=\"katz_search_surfHabMin\" name=\"katz_search[surfHabMin]\" placeholder=\"min\" min=\"0\" value=\"\" \/>\n\t\t\t\t\t\t\t\t\t<input type=\"number\" id=\"katz_search_surfHabMax\" name=\"katz_search[surfHabMax]\" placeholder=\"max\" min=\"0\" value=\"\" \/>\n\t\t\t\t\t\t\t\t<\/div>\n\t\t\t\t\t\t\t\t<div class=\"filter-item\">\n\t\t\t\t\t\t\t\t\t<span>Prix:<\/span>\n\t\t\t\t\t\t\t\t\t<input type=\"number\" id=\"katz_search_prixMin\" name=\"katz_search[prixMin]\" placeholder=\"min\" min=\"0\" value=\"\" \/>\n\t\t\t\t\t\t\t\t\t<input type=\"number\" id=\"katz_search_prixMax\" name=\"katz_search[prixMax]\" placeholder=\"max\" min=\"0\" value=\"\" \/>\n\t\t\t\t\t\t\t\t<\/div>\n\t\t\t\t\t\t\t<\/div>\n\t\t\t\t\t\t<\/div>\n\t\t\t\t\t<\/div>\n\t\t\t\t<\/div>\n\t\t\t\t<div class=\"container\">\n\t\t\t\t\t<div class=\"row\">\n\t\t\t\t\t\t<div class=\"col-lg-10 offset-lg-1 text-right\">\n\t\t\t\t\t\t\t<div class=\"link-elmt submit mt-sm\" id=\"submit-button-search-form\">Rechercher<\/div>\n\t\t\t\t\t\t<\/div>\n\t\t\t\t\t<\/div>\n\t\t\t\t<\/div>\n\t\t\t<\/form>\n\t\t<\/section>\n\t<\/div>\n<\/div>\n<div class=\"container\">\n\n<div class=\"block-katz heading\">\n<h3>Projet de maison \u00e0 vendre \u00e0 Marnes-la-Coquette, passez par Katz Immobilier<\/h3>\n<\/div>\n\n<div class=\"block-katz paragraph\">\n<p>Notre agence, Katz Immobilier, se situe exactement \u00e0 Garches. Cumulant plusieurs dizaines d\u2019exp\u00e9riences dans le domaine de l\u2019immobilier (plus de 50 ans pour \u00eatre plus exact), nous sommes bien plac\u00e9s pour vous accompagner comme il se doit dans la r\u00e9alisation de votre projet. Cela qu\u2019il s\u2019agisse de trouver une <strong>maison \u00e0 vendre \u00e0 Marnes-la-Coquette<\/strong> ou de trouver un acqu\u00e9reur pour votre villa, appartement, maison, etc.<\/p>\n<\/div>\n\n<div class=\"block-katz paragraph\">\n<p>Facilitez-vous la vie et la r\u00e9alisation de votre projet immobilier avec Katz Immobilier.<\/p>\n<\/div>\n\n<div class=\"block-katz liens\">\n\t<div class=\"row\">\n\t\t<div class=\"col-12\">\n\t\t\t\t\t\t\t<p class=\"titre\">Nos solutions immobili\u00e8res sur Marnes-la-Coquette (92430)<\/p>\n\t\t\t\t\t\t\t\t<div class=\"bloc-liens\">\n\t\t\t\t\t\t\t\t\t\t\t<div class=\"lien\">\n\t\t\t\t\t\t\t<a href=\"https:\/\/www.agencekatz.com\/agence-immobiliere\/marnes-la-coquette-92430\/\" title=\"Agence immobili\u00e8re Marnes-la-Coquette\" target=\"_self\">\n\t\t\t\t\t\t\t\tAgence immobili\u00e8re Marnes-la-Coquette\t\t\t\t\t\t\t<\/a>\n\t\t\t\t\t\t<\/div>\n\t\t\t\t\t\t\t\t\t\t\t\t<div class=\"lien\">\n\t\t\t\t\t\t\t<a href=\"https:\/\/www.agencekatz.com\/agence-immobiliere\/marnes-la-coquette-92430\/appartement-marnes-la-coquette\/\" title=\"Appartement Marnes-la-Coquette\" target=\"_self\">\n\t\t\t\t\t\t\t\tAppartement Marnes-la-Coquette\t\t\t\t\t\t\t<\/a>\n\t\t\t\t\t\t<\/div>\n\t\t\t\t\t\t\t\t\t\t\t\t<div class=\"lien\">\n\t\t\t\t\t\t\t<a href=\"https:\/\/www.agencekatz.com\/agence-immobiliere\/garches-92380\/location-appartement-garches\/\" title=\"Immobilier Marnes-la-Coquette\" target=\"_self\">\n\t\t\t\t\t\t\t\tImmobilier Marnes-la-Coquette\t\t\t\t\t\t\t<\/a>\n\t\t\t\t\t\t<\/div>\n\t\t\t\t\t\t\t\t\t\t<\/div>\n\t\t\t\t\t\t<\/div>\n\t<\/div>\n<\/div>","protected":false},"excerpt":{"rendered":"<p>Marnes la Coquette porte bien son nom, car elle a tout pour plaire. Une ambiance campagnarde, le calme, la propret\u00e9, des espaces bois\u00e9s, l\u2019air pur et une certaine proximit\u00e9 avec la ville de Paris. Il est tout \u00e0 fait compr\u00e9hensible que des familles et de jeunes couples souhaitent s\u2019y installer. Vous aussi, vous cherchez une [&hellip;]<\/p>\n","protected":false},"author":2,"featured_media":0,"parent":29399,"menu_order":0,"comment_status":"closed","ping_status":"closed","template":"","meta":[],"acf":[],"_links":{"self":[{"href":"https:\/\/www.agencekatz.com\/agence-immobiliere\/wp-json\/wp\/v2\/pages\/29402"}],"collection":[{"href":"https:\/\/www.agencekatz.com\/agence-immobiliere\/wp-json\/wp\/v2\/pages"}],"about":[{"href":"https:\/\/www.agencekatz.com\/agence-immobiliere\/wp-json\/wp\/v2\/types\/page"}],"author":[{"embeddable":true,"href":"https:\/\/www.agencekatz.com\/agence-immobiliere\/wp-json\/wp\/v2\/users\/2"}],"replies":[{"embeddable":true,"href":"https:\/\/www.agencekatz.com\/agence-immobiliere\/wp-json\/wp\/v2\/comments?post=29402"}],"version-history":[{"count":4,"href":"https:\/\/www.agencekatz.com\/agence-immobiliere\/wp-json\/wp\/v2\/pages\/29402\/revisions"}],"predecessor-version":[{"id":29423,"href":"https:\/\/www.agencekatz.com\/agence-immobiliere\/wp-json\/wp\/v2\/pages\/29402\/revisions\/29423"}],"up":[{"embeddable":true,"href":"https:\/\/www.agencekatz.com\/agence-immobiliere\/wp-json\/wp\/v2\/pages\/29399"}],"wp:attachment":[{"href":"https:\/\/www.agencekatz.com\/agence-immobiliere\/wp-json\/wp\/v2\/media?parent=29402"}],"curies":[{"name":"wp","href":"https:\/\/api.w.org\/{rel}","templated":true}]}}