{"id":29296,"date":"2021-04-07T10:56:48","date_gmt":"2021-04-07T08:56:48","guid":{"rendered":"https:\/\/www.agencekatz.com\/agence-immobiliere\/?page_id=29296"},"modified":"2021-05-03T10:43:58","modified_gmt":"2021-05-03T08:43:58","slug":"maison-vendre-saint-cloud","status":"publish","type":"page","link":"https:\/\/www.agencekatz.com\/agence-immobiliere\/saint-cloud-92210\/maison-vendre-saint-cloud\/","title":{"rendered":"Maison \u00e0 vendre \u00e0 Saint-Cloud"},"content":{"rendered":"<div class=\"block-katz paragraph\">\n<p>Saint-Cloud constitue l\u2019une des zones les plus pris\u00e9es en r\u00e9gion \u00cele-de-France lorsqu\u2019il s\u2019agit d\u2019achat immobilier. De par le cadre de vie qu\u2019elle offre, c\u2019est une ville o\u00f9 il fait particuli\u00e8rement bon vivre. Pour ceux qui d\u00e9sirent profiter d\u2019une qualit\u00e9 de vie privil\u00e9gi\u00e9e, de nombreuses maisons sont \u00e0 vendre dans la commune. Vous r\u00eavez de vivre \u00e0 Saint-Cloud&nbsp;? Katz Immobilier vous aidera \u00e0 y d\u00e9nicher la <strong>maison \u00e0 vendre \u00e0 Saint-Cloud<\/strong> id\u00e9ale.<\/p>\n<\/div>\n\n<\/div>\n<div class=\"block-katz moteurrecherche\">\n\t<div id=\"buy-location\">\n\t\t<section class=\"filter-search mt-md\">\n\t\t\t<form name=\"katz_search\" method=\"get\" id=\"search-form\" action=\"https:\/\/www.agencekatz.com\/acheter-appartement-maison#search-form\">\n\t\t\t\t<div class=\"container\">\n\t\t\t\t\t<p class=\"font-lato-bold font-size-26 color-blue text-uppercase text-center letter-spacing-400\">\n\t\t\t\t\t\tChercher maison \u00e0 vendre \u00e0 Saint-Cloud \t\t\t\t\t<\/p>\n\t\t\t\t\t<div class=\"row\">\n\t\t\t\t\t\t<div class=\"col-lg-10 offset-lg-1\">\n\t\t\t\t\t\t\t<div class=\"container-fluid selector-container mt-md mb-sm\">\n\t\t\t\t\t\t\t\t<div class=\"row no-gutters\">\n\t\t\t\t\t\t\t\t\t<div class=\"col-lg-6\">\n\t\t\t\t\t\t\t\t\t\t<div class=\"switch d-flex \">\n\t\t\t\t\t\t\t\t\t\t\t<a href=\"https:\/\/www.agencekatz.com\/acheter-appartement-maison\" class=\"link-elmt active\" target=\"_self\">\n\t\t\t\t\t\t\t\t\t\t\t\tAchat\n\t\t\t\t\t\t\t\t\t\t\t<\/a>\n\t\t\t\t\t\t\t\t\t\t\t<a href=\"https:\/\/www.agencekatz.com\/location-appartement-maison\" class=\"link-elmt \" target=\"_self\">\n\t\t\t\t\t\t\t\t\t\t\t\tLouer\n\t\t\t\t\t\t\t\t\t\t\t<\/a>\n\t\t\t\t\t\t\t\t\t\t<\/div>\n\t\t\t\t\t\t\t\t\t<\/div>\n\t\t\t\t\t\t\t\t\t<div class=\"col-lg-6 input-search\">\n\t\t\t\t\t\t\t\t\t\t<select id=\"katz_search_place\" name=\"katz_search[place]\" class=\"select-two\" placeholder=\"Ville, Code postal...\">\n\t\t\t\t\t\t\t\t\t\t\t<option value=\"\"><\/option>\n\t\t\t\t\t\t\t\t\t\t\t<option value=\"Beynes\" selected=\"selected\">Beynes &#8211; 78650<\/option>\n\t\t\t\t\t\t\t\t\t\t\t<option value=\"Bougival\">Bougival &#8211; 78380<\/option>\n\t\t\t\t\t\t\t\t\t\t\t<option value=\"Garches\">Garches &#8211; 92380<\/option>\n\t\t\t\t\t\t\t\t\t\t\t<option value=\"Goupilli\u00e8res\">Goupilli\u00e8res &#8211; 78770<\/option>\n\t\t\t\t\t\t\t\t\t\t\t<option value=\"Issy-les-Moulineaux\">Issy-les-Moulineaux &#8211; 92130<\/option>\n\t\t\t\t\t\t\t\t\t\t\t<option value=\"La Celle-Saint-Cloud\">La Celle-Saint-Cloud &#8211; 78170<\/option>\n\t\t\t\t\t\t\t\t\t\t\t<option value=\"Marnes-la-Coquette\">Marnes-la-Coquette &#8211; 92430<\/option>\n\t\t\t\t\t\t\t\t\t\t\t<option value=\"Montrouge\">Montrouge &#8211; 92120<\/option>\n\t\t\t\t\t\t\t\t\t\t\t<option value=\"Paris\">Paris &#8211; 75018<\/option>\n\t\t\t\t\t\t\t\t\t\t\t<option value=\"Paris 18\">Paris 18 &#8211; 75018<\/option>\n\t\t\t\t\t\t\t\t\t\t\t<option value=\"Vaucresson\">Vaucresson &#8211; 92420<\/option>\n\t\t\t\t\t\t\t\t\t\t\t<option value=\"Ville-d&#039;Avray\">Ville-d&#039;Avray &#8211; 92410<\/option>\n\t\t\t\t\t\t\t\t\t\t<\/select>\n\t\t\t\t\t\t\t\t\t<\/div>\n\t\t\t\t\t\t\t\t<\/div>\n\t\t\t\t\t\t\t<\/div>\n\t\t\t\t\t\t<\/div>\n\t\t\t\t\t<\/div>\n\t\t\t\t<\/div>\n\t\t\t\t<div class=\"container-fluid py-sm bg-blue color-white text-center\">\n\t\t\t\t\t<div class=\"container\">\n\t\t\t\t\t\t<div class=\"col-md-10 offset-md-1 col-12\">\n\t\t\t\t\t\t\t<div class=\"filter d-flex justify-content-between\">\n\t\t\t\t\t\t\t\t<select id=\"katz_search_typeOffre\" name=\"katz_search[typeOffre]\">\n\t\t\t\t\t\t\t\t\t<option value=\"\">Type de bien<\/option>\n\t\t\t\t\t\t\t\t\t<option value=\"1\">Appartement<\/option>\n\t\t\t\t\t\t\t\t\t<option value=\"2\">Maison<\/option>\n\t\t\t\t\t\t\t\t\t<option value=\"5\">Local<\/option>\n\t\t\t\t\t\t\t\t\t<option value=\"7\">Parking<\/option>\n\t\t\t\t\t\t\t\t\t<option value=\"3\">Terrain<\/option>\n\t\t\t\t\t\t\t\t\t<option value=\"4\">Immeuble<\/option>\n\t\t\t\t\t\t\t\t<\/select>\n\t\t\t\t\t\t\t\t<select id=\"katz_search_nbPieces\" name=\"katz_search[nbPieces]\">\n\t\t\t\t\t\t\t\t\t<option value=\"\">Pi\u00e8ces<\/option>\n\t\t\t\t\t\t\t\t\t<option value=\"1\">1<\/option>\n\t\t\t\t\t\t\t\t\t<option value=\"2\">2<\/option>\n\t\t\t\t\t\t\t\t\t<option value=\"3\">3<\/option>\n\t\t\t\t\t\t\t\t\t<option value=\"4\">4<\/option>\n\t\t\t\t\t\t\t\t\t<option value=\"5\">5 et +<\/option>\n\t\t\t\t\t\t\t\t<\/select>\n\t\t\t\t\t\t\t\t<div class=\"filter-item\">\n\t\t\t\t\t\t\t\t\t<span>Surface:<\/span>\n\t\t\t\t\t\t\t\t\t<input type=\"number\" id=\"katz_search_surfHabMin\" name=\"katz_search[surfHabMin]\" placeholder=\"min\" min=\"0\" value=\"\" \/>\n\t\t\t\t\t\t\t\t\t<input type=\"number\" id=\"katz_search_surfHabMax\" name=\"katz_search[surfHabMax]\" placeholder=\"max\" min=\"0\" value=\"\" \/>\n\t\t\t\t\t\t\t\t<\/div>\n\t\t\t\t\t\t\t\t<div class=\"filter-item\">\n\t\t\t\t\t\t\t\t\t<span>Prix:<\/span>\n\t\t\t\t\t\t\t\t\t<input type=\"number\" id=\"katz_search_prixMin\" name=\"katz_search[prixMin]\" placeholder=\"min\" min=\"0\" value=\"\" \/>\n\t\t\t\t\t\t\t\t\t<input type=\"number\" id=\"katz_search_prixMax\" name=\"katz_search[prixMax]\" placeholder=\"max\" min=\"0\" value=\"\" \/>\n\t\t\t\t\t\t\t\t<\/div>\n\t\t\t\t\t\t\t<\/div>\n\t\t\t\t\t\t<\/div>\n\t\t\t\t\t<\/div>\n\t\t\t\t<\/div>\n\t\t\t\t<div class=\"container\">\n\t\t\t\t\t<div class=\"row\">\n\t\t\t\t\t\t<div class=\"col-lg-10 offset-lg-1 text-right\">\n\t\t\t\t\t\t\t<div class=\"link-elmt submit mt-sm\" id=\"submit-button-search-form\">Rechercher<\/div>\n\t\t\t\t\t\t<\/div>\n\t\t\t\t\t<\/div>\n\t\t\t\t<\/div>\n\t\t\t<\/form>\n\t\t<\/section>\n\t<\/div>\n<\/div>\n<div class=\"container\">\n\n<div class=\"block-katz heading\">\n<h2>Saint-Cloud, une ville aux mille et un atouts<\/h2>\n<\/div>\n\n<div class=\"block-katz paragraph\">\n<p>Que vous soyez un amateur de culture ou de sport, Saint-Cloud aura de quoi vous distraire. Ville active et cosmopolite, elle regorge d\u2019une myriade d\u2019infrastructures. \u00c9coles, bureaux, supermarch\u00e9s, transports urbains, boutiques, gymnases et restaurants&#8230; Il y a de tout \u00e0 Saint-Cloud&nbsp;! C\u2019est aussi un lieu o\u00f9 les \u00e9v\u00e8nements culturels se succ\u00e8dent. Concerts, th\u00e9\u00e2tre, cin\u00e9ma, mus\u00e9es&#8230; On ne s\u2019y ennuie jamais&nbsp;! Un<strong> achat de maison \u00e0 Saint-Cloud<\/strong> est donc un projet qui fait r\u00eaver plus d&rsquo;une Parienne ou d&rsquo;un Parisien.<\/p>\n<\/div>\n\n<div class=\"block-katz paragraph\">\n<p>Pour ceux qui souhaitent vivre dans une commune verte, c\u2019est la ville id\u00e9ale \u00e0 trouver une maison \u00e0 vendre. 23 espaces verts ornent la ville de tous c\u00f4t\u00e9s, sans parler de l\u2019incontournable <strong>Domaine National de Saint-Cloud<\/strong>. Situ\u00e9 \u00e0 proximit\u00e9 de la D\u00e9fense, c\u2019est un r\u00e9el havre de paix. En effet, la s\u00e9curit\u00e9 est assur\u00e9e dans la commune. C\u2019est donc le quartier id\u00e9al pour ceux en qu\u00eate de s\u00e9r\u00e9nit\u00e9.<\/p>\n<\/div>\n\n<div class=\"block-katz heading\">\n<h2>Un quartier aux maisons luxueuses<\/h2>\n<\/div>\n\n<div class=\"block-katz paragraph\">\n<p>Saint-Cloud est un coin hupp\u00e9. Des <strong>T4 et T5 r\u00e9sidentiels <\/strong>occupent la ville. Les maisons sont baign\u00e9es de lumi\u00e8re et presque toutes pr\u00e9sentent de beaux jardins. Les plus luxueuses poss\u00e8dent m\u00eame une grande piscine. Qui ne souhaiterait pas vivre dans un tel confort&nbsp;?<\/p>\n<\/div>\n\n<div class=\"block-katz paragraph\">\n<p>Les familles avec 2 ou 3 enfants composent la majorit\u00e9 de la demande immobili\u00e8re de la ville. Selon le nombre de pi\u00e8ces, une <strong>maison \u00e0 vendre \u00e0 Saint-Cloud<\/strong> co\u00fbte entre 940&nbsp;000&nbsp;\u20ac \u00e0 6&nbsp;250&nbsp;000&nbsp;\u20ac.<\/p>\n<\/div>\n\n<\/div>\n<div class=\"block-katz titre3photos\">\n\t<div class=\"container\">\n\t\t<div class=\"row\">\n\t\t\t\t\t\t\t<div class=\"col-12 text-center\">\n\t\t\t\t\t<h2>En qu\u00eate d&rsquo;une maison en vente \u00e0 St-Cloud ?<\/h2>\n\t\t\t\t<\/div>\n\t\t\t\t\t\t\t\t<div class=\"col-md-4 col-12\">\n\t\t\t\t\t<img src=\"https:\/\/www.agencekatz.com\/agence-immobiliere\/wp-content\/uploads\/2021\/02\/appartement-neuf-400x400.png\" alt=\"Appartement neuf\" \/>\n\t\t\t\t<\/div>\n\t\t\t\t\t\t\t\t<div class=\"col-md-4 col-12\">\n\t\t\t\t\t<img src=\"https:\/\/www.agencekatz.com\/agence-immobiliere\/wp-content\/uploads\/2021\/02\/defautkatz-400x400.png\" alt=\"Katz Immobilier\" \/>\n\t\t\t\t<\/div>\n\t\t\t\t\t\t\t\t<div class=\"col-md-4 col-12\">\n\t\t\t\t\t<img src=\"https:\/\/www.agencekatz.com\/agence-immobiliere\/wp-content\/uploads\/2021\/02\/programme-neuf-400x400.jpg\" alt=\"Programme immobilier neuf\" \/>\n\t\t\t\t<\/div>\n\t\t\t\t\t\t\t\t<div class=\"col-12 text-center\">\n\t\t\t\t\t<a href=\"https:\/\/www.agencekatz.com\/contact\" class=\"link link-gold\" title=\"Contactez-nous\" target=\"_self\">Contactez-nous<\/a>\n\t\t\t\t<\/div>\n\t\t\t\t\t\t<\/div>\n\t<\/div>\n<\/div>\n<div class=\"container\">\n\n<div class=\"block-katz heading\">\n<h3>\u00c0 la recherche d\u2019une maison \u00e0 vendre \u00e0 Saint-Cloud&nbsp;? Katz immobilier est l\u00e0&nbsp;!<\/h3>\n<\/div>\n\n<div class=\"block-katz paragraph\">\n<p>Le march\u00e9 <a href=\"https:\/\/www.agencekatz.com\/agence-immobiliere\/saint-cloud-92210\/immobilier-saint-cloud\/\" class=\"rank-math-link\">immobilier \u00e0 Saint-Cloud<\/a> est tr\u00e8s vari\u00e9. L\u2019intervention d\u2019un professionnel tel que Katz Immobilier vous sera n\u00e9cessaire pour trouver la maison \u00e0 vendre 92210 qui correspond \u00e0 vos attentes et \u00e0 votre budget.<\/p>\n<\/div>\n\n<div class=\"block-katz paragraph\">\n<p>Forte de ses <strong>50 ans d\u2019exp\u00e9rience<\/strong>, l\u2019agence saura vous orienter gr\u00e2ce \u00e0 sa connaissance des lieux. Que vous souhaitiez acheter \u00e0 la Fouilleuse, dans les Coteaux ou encore dans le Plateau, les professionnels de Katz Immobilier sauront vous indiquer le bien de vos r\u00eaves.<\/p>\n<\/div>\n\n<div class=\"block-katz liens\">\n\t<div class=\"row\">\n\t\t<div class=\"col-12\">\n\t\t\t\t\t\t\t<p class=\"titre\">Nos solutions immobili\u00e8res sur Saint-Cloud<\/p>\n\t\t\t\t\t\t\t\t<div class=\"bloc-liens\">\n\t\t\t\t\t\t\t\t\t\t\t<div class=\"lien\">\n\t\t\t\t\t\t\t<a href=\"https:\/\/www.agencekatz.com\/agence-immobiliere\/saint-cloud-92210\/immobilier-saint-cloud\/\" title=\"Immobilier Saint-Cloud\" target=\"_self\">\n\t\t\t\t\t\t\t\tImmobilier Saint-Cloud\t\t\t\t\t\t\t<\/a>\n\t\t\t\t\t\t<\/div>\n\t\t\t\t\t\t\t\t\t\t\t\t<div class=\"lien\">\n\t\t\t\t\t\t\t<a href=\"https:\/\/www.agencekatz.com\/agence-immobiliere\/saint-cloud-92210\/\" title=\"Agence immobili\u00e8re Saint-Cloud\" target=\"_self\">\n\t\t\t\t\t\t\t\tAgence immobili\u00e8re Saint-Cloud\t\t\t\t\t\t\t<\/a>\n\t\t\t\t\t\t<\/div>\n\t\t\t\t\t\t\t\t\t\t\t\t<div class=\"lien\">\n\t\t\t\t\t\t\t<a href=\"https:\/\/www.agencekatz.com\/agence-immobiliere\/saint-cloud-92210\/maison-saint-cloud\/\" title=\"Maison Saint-Cloud\" target=\"_self\">\n\t\t\t\t\t\t\t\tMaison Saint-Cloud\t\t\t\t\t\t\t<\/a>\n\t\t\t\t\t\t<\/div>\n\t\t\t\t\t\t\t\t\t\t\t\t<div class=\"lien\">\n\t\t\t\t\t\t\t<a href=\"https:\/\/www.agencekatz.com\/agence-immobiliere\/saint-cloud-92210\/appartement-saint-cloud\/\" title=\"Appartement Saint-Cloud\" target=\"_self\">\n\t\t\t\t\t\t\t\tAppartement Saint-Cloud\t\t\t\t\t\t\t<\/a>\n\t\t\t\t\t\t<\/div>\n\t\t\t\t\t\t\t\t\t\t\t\t<div class=\"lien\">\n\t\t\t\t\t\t\t<a href=\"https:\/\/www.agencekatz.com\/agence-immobiliere\/saint-cloud-92210\/location-appartement-saint-cloud\/\" title=\"Location appartement Saint-Cloud\" target=\"_self\">\n\t\t\t\t\t\t\t\tLocation appartement Saint-Cloud\t\t\t\t\t\t\t<\/a>\n\t\t\t\t\t\t<\/div>\n\t\t\t\t\t\t\t\t\t\t\t\t<div class=\"lien\">\n\t\t\t\t\t\t\t<a href=\"https:\/\/www.agencekatz.com\/agence-immobiliere\/saint-cloud-92210\/achat-appartement-saint-cloud\/\" title=\"Achat appartement Saint-Cloud\" target=\"_self\">\n\t\t\t\t\t\t\t\tAchat appartement Saint-Cloud\t\t\t\t\t\t\t<\/a>\n\t\t\t\t\t\t<\/div>\n\t\t\t\t\t\t\t\t\t\t\t\t<div class=\"lien\">\n\t\t\t\t\t\t\t<a href=\"https:\/\/www.agencekatz.com\/agence-immobiliere\/saint-cloud-92210\/achat-maison-saint-cloud\/\" title=\"Achat maison Saint-Cloud\" target=\"_self\">\n\t\t\t\t\t\t\t\tAchat maison Saint-Cloud\t\t\t\t\t\t\t<\/a>\n\t\t\t\t\t\t<\/div>\n\t\t\t\t\t\t\t\t\t\t\t\t<div class=\"lien\">\n\t\t\t\t\t\t\t<a href=\"https:\/\/www.agencekatz.com\/agence-immobiliere\/saint-cloud-92210\/appartement-vendre-saint-cloud\/\" title=\"Appartement \u00e0 vendre Saint-Cloud\" target=\"_self\">\n\t\t\t\t\t\t\t\tAppartement \u00e0 vendre Saint-Cloud\t\t\t\t\t\t\t<\/a>\n\t\t\t\t\t\t<\/div>\n\t\t\t\t\t\t\t\t\t\t\t\t<div class=\"lien\">\n\t\t\t\t\t\t\t<a href=\"https:\/\/www.agencekatz.com\/agence-immobiliere\/saint-cloud-92210\/vente-appartement-saint-cloud\/\" title=\"Vente appartement Saint-Cloud\" target=\"_self\">\n\t\t\t\t\t\t\t\tVente appartement Saint-Cloud\t\t\t\t\t\t\t<\/a>\n\t\t\t\t\t\t<\/div>\n\t\t\t\t\t\t\t\t\t\t\t\t<div class=\"lien\">\n\t\t\t\t\t\t\t<a href=\"https:\/\/www.agencekatz.com\/agence-immobiliere\/saint-cloud-92210\/vente-maison-saint-cloud\/\" title=\"Vente maison Saint-Cloud\" target=\"_self\">\n\t\t\t\t\t\t\t\tVente maison Saint-Cloud\t\t\t\t\t\t\t<\/a>\n\t\t\t\t\t\t<\/div>\n\t\t\t\t\t\t\t\t\t\t\t\t<div class=\"lien\">\n\t\t\t\t\t\t\t<a href=\"https:\/\/www.agencekatz.com\/agence-immobiliere\/saint-cloud-92210\/maison-louer-saint-cloud\/\" title=\"Maison \u00e0 louer Saint-Cloud\" target=\"_self\">\n\t\t\t\t\t\t\t\tMaison \u00e0 louer Saint-Cloud\t\t\t\t\t\t\t<\/a>\n\t\t\t\t\t\t<\/div>\n\t\t\t\t\t\t\t\t\t\t\t\t<div class=\"lien\">\n\t\t\t\t\t\t\t<a href=\"https:\/\/www.agencekatz.com\/agence-immobiliere\/saint-cloud-92210\/location-maison-saint-cloud\/\" title=\"Location maison Saint-Cloud\" target=\"_self\">\n\t\t\t\t\t\t\t\tLocation maison Saint-Cloud\t\t\t\t\t\t\t<\/a>\n\t\t\t\t\t\t<\/div>\n\t\t\t\t\t\t\t\t\t\t\t\t<div class=\"lien\">\n\t\t\t\t\t\t\t<a href=\"https:\/\/www.agencekatz.com\/agence-immobiliere\/saint-cloud-92210\/programme-immobilier-saint-cloud\/\" title=\"Programme immobilier Saint-Cloud\" target=\"_self\">\n\t\t\t\t\t\t\t\tProgramme immobilier Saint-Cloud\t\t\t\t\t\t\t<\/a>\n\t\t\t\t\t\t<\/div>\n\t\t\t\t\t\t\t\t\t\t<\/div>\n\t\t\t\t\t\t<\/div>\n\t<\/div>\n<\/div>\n\n<div class=\"block-katz paragraph\">\n<p>De m\u00eame, si vous souhaitez <strong>vendre votre maison dans le 92<\/strong>, l\u2019agence vous aidera \u00e0 trouver des acqu\u00e9reurs \u00e0 la vitesse de la lumi\u00e8re. Dans une ville tr\u00e8s pris\u00e9e comme&nbsp;Saint-Cloud 92210, les acheteurs se bousculent pour pouvoir acheter un bien immobilier.<\/p>\n<\/div>","protected":false},"excerpt":{"rendered":"<p>Saint-Cloud constitue l\u2019une des zones les plus pris\u00e9es en r\u00e9gion \u00cele-de-France lorsqu\u2019il s\u2019agit d\u2019achat immobilier. De par le cadre de vie qu\u2019elle offre, c\u2019est une ville o\u00f9 il fait particuli\u00e8rement bon vivre. Pour ceux qui d\u00e9sirent profiter d\u2019une qualit\u00e9 de vie privil\u00e9gi\u00e9e, de nombreuses maisons sont \u00e0 vendre dans la commune. Vous r\u00eavez de vivre [&hellip;]<\/p>\n","protected":false},"author":2,"featured_media":0,"parent":29265,"menu_order":0,"comment_status":"closed","ping_status":"closed","template":"","meta":[],"acf":[],"_links":{"self":[{"href":"https:\/\/www.agencekatz.com\/agence-immobiliere\/wp-json\/wp\/v2\/pages\/29296"}],"collection":[{"href":"https:\/\/www.agencekatz.com\/agence-immobiliere\/wp-json\/wp\/v2\/pages"}],"about":[{"href":"https:\/\/www.agencekatz.com\/agence-immobiliere\/wp-json\/wp\/v2\/types\/page"}],"author":[{"embeddable":true,"href":"https:\/\/www.agencekatz.com\/agence-immobiliere\/wp-json\/wp\/v2\/users\/2"}],"replies":[{"embeddable":true,"href":"https:\/\/www.agencekatz.com\/agence-immobiliere\/wp-json\/wp\/v2\/comments?post=29296"}],"version-history":[{"count":4,"href":"https:\/\/www.agencekatz.com\/agence-immobiliere\/wp-json\/wp\/v2\/pages\/29296\/revisions"}],"predecessor-version":[{"id":29474,"href":"https:\/\/www.agencekatz.com\/agence-immobiliere\/wp-json\/wp\/v2\/pages\/29296\/revisions\/29474"}],"up":[{"embeddable":true,"href":"https:\/\/www.agencekatz.com\/agence-immobiliere\/wp-json\/wp\/v2\/pages\/29265"}],"wp:attachment":[{"href":"https:\/\/www.agencekatz.com\/agence-immobiliere\/wp-json\/wp\/v2\/media?parent=29296"}],"curies":[{"name":"wp","href":"https:\/\/api.w.org\/{rel}","templated":true}]}}